 composite number?
False
Let o(l) = -4652*l**3 + 2*l**2 + 7*l + 7. Is o(-2) composite?
False
Is (-1*23)/(54/(-14526)) prime?
False
Let q = 8693 + 17728. Is q a composite number?
True
Let z(n) = -n**3 + 8*n**2 - 8*n + 12. Let c be z(7). Suppose -c*i + 2053 = -3*y, 0 = 5*i - 3*i - 5*y - 806. Is i prime?
False
Suppose 5*a + 1675 = -0*f - 4*f, 1666 = -4*f - 2*a. Let j = f + 2566. Suppose 1805 = 4*n - j. Is n composite?
True
Let y be -1 - (-2 + (-3 - 5)). Let x(k) = 10 + 2*k**2 - 5*k - 9*k + k. Is x(y) a composite number?
True
Let a(m) = -m**3 - 3*m**2 - 2*m. Let f be a(-3). Let r(c) = c**2 - 6*c + 2. Let v be r(f). Suppose 0 = -o - v*h + 48, 2*o - 3*h - 33 - 56 = 0. Is o prime?
False
Suppose -7*q = -37 - 26. Let j(u) = -u**3 + 9*u**2 + 9*u + 2. Is j(q) prime?
True
Suppose 5*d + 1 = -14, -65 = 4*r + 3*d. Let x = -16 - r. Is x/16 + 28765/40 a prime number?
True
Suppose 3*s + 55183 = 3*b - s, 3*b + 3*s = 55197. Is b composite?
False
Let c(w) = -w**2 - 3*w + 10. Let g be c(-7). Let z be 4/18 + 526/g. Is (z/2)/((-2)/12) a prime number?
False
Suppose 4*c = c + 456. Suppose -4*m + 0*m = -c. Suppose -5*r = m - 383. Is r composite?
True
Let w(m) = 3*m**2 + 6*m + 6. Let r be w(-3). Let f(a) = a**3 - 4*a**2 + 3*a - 2. Let z be f(4). Let g = z + r. Is g composite?
True
Let r be -1*1/3 - (-59)/(-3). Is (-1965)/(-4) - (-5)/r composite?
False
Let u be (2/3)/((-4)/12744). Let y = -973 - u. Is y composite?
False
Suppose -h + 3 = 4. Let s be 1 - 4/(4/h). Suppose 0 = 4*m - w - 86, s*m + 4*w - 55 = -m. Is m prime?
False
Is -4 + (1 + 429/(-6))*-118 composite?
True
Let w(r) = 0*r - 3 - 2*r - 10. Let y be w(-9). Suppose 7*c = y*c + 124. Is c a prime number?
False
Let i be (-6)/(10/(-4) + 1). Let o be 339/4 + 1/i. Is o - 3*(-2)/3 a prime number?
False
Is (-150)/525 + (-222282)/(-14) a composite number?
False
Let c = -18 + 8. Let q = c - -13. Is (-835)/(-6) + q/(-18) a prime number?
True
Let r = 18542 + 2321. Is r a prime number?
False
Suppose 2*v = -3*r - 17, -v + 6 + 2 = -4*r. Let w be (4222/r)/((-6)/(-18)). Is 6/(-12) - w/4 a composite number?
True
Suppose 0 = -21*u - 58*u + 2610397. Is u a composite number?
True
Suppose 17*u = 2*u. Suppose -5*a = t - 1471, -2*t + 6*a - a + 2942 = u. Is t a composite number?
False
Suppose 0*k - 2682 = 6*k. Let d = k - -742. Is d composite?
True
Let a = 75 - 71. Suppose 0 = 4*p - a*q - 860, 4*p - 3*q - 856 = -0*p. Is p composite?
False
Let v(t) = 212*t**3 - t**2 - t + 1. Let s be (0 - (-1)/(-3))*-6. Suppose 5*w - 3 = s. Is v(w) prime?
True
Suppose -30 = -5*h + 7*h. Let q be h/(-25) + (-6577)/(-5). Suppose -q = -4*s + l, 0*s - 987 = -3*s - 5*l. Is s prime?
False
Suppose 589*u = 603*u - 154028. Is u a prime number?
False
Suppose -4*q + 27 = -17. Suppose -4*k = -33 - q. Suppose -3*h + k = -28. Is h a prime number?
True
Suppose -5*g + 3547 = -4*s, -s + 3548 = -5*s + 4*g. Let k = s - -1561. Is k a prime number?
True
Suppose 0 = -5*o - c + 137697, 5*o + 0*o - 137685 = 5*c. Is o a composite number?
False
Let s = 18812 - 8353. Is s composite?
False
Let o = -2524 - -4259. Is o a prime number?
False
Suppose -87899 = -14*g - 15*g. Is g composite?
True
Suppose -3*g + 841 = l - 1383, -4*l = g - 745. Suppose -2*k + g = d - 5*k, -k = -2*d + 1457. Suppose -3*a = 3*a - d. Is a a prime number?
False
Suppose 42583 - 1407 = 8*l. Is l composite?
False
Let k = 25 - 19. Suppose 0 = -g + k - 3. Suppose -4*t - p = -3678, -5*p = -t - g*t + 3666. Is t composite?
False
Is 15/5 + 5392 + -6 a composite number?
True
Let u = 50 - 50. Suppose -2*p - p = 3*v - 210, u = -v + 5*p + 94. Is v prime?
False
Let c(b) = 3*b + 18. Let p be c(-6). Suppose 0*u + 3*u - 175 = 5*y, p = u - 2*y - 59. Is u composite?
True
Suppose 4*i - 6432 = 652. Suppose -j - 3*z = -i, -4*j - 5*z + 7056 = -0*z. Is j composite?
False
Suppose -x + a - 2*a = 5, 0 = -5*x - a - 5. Suppose 3*o + 5*s = 6*s + 5711, 3*o + 3*s - 5703 = x. Is o a composite number?
True
Let r = 162 + -145. Let h = 39 - r. Is h prime?
False
Let i = 26169 - -1340. Is i a composite number?
False
Suppose 2*k - 475 = 3901. Suppose -3*x - 2883 + 695 = -2*m, 2*m + 5*x = k. Suppose 4*v = m + 230. Is v a composite number?
False
Let v be 0/2 - 2*53. Let h = v - -366. Is (h - -3) + 0/(-1) a composite number?
False
Let q = 16 - 10. Let g be (q + -4)*(-1 + 2). Is 295 - -1 - (g - 1) composite?
True
Let v be (-16)/(-10) - (-3)/(-5). Let l be ((-6)/(-9) - v)*-12. Suppose 4*n = -l*c + 66 + 90, -n = -3*c - 23. Is n a composite number?
True
Let u = -9 - -26. Suppose 3*s - u = 364. Is s prime?
True
Suppose -5*n + 279 - 899 = 0. Suppose 127 + 958 = 5*v. Let f = n + v. Is f prime?
False
Suppose 15*c - 21641 = -2*c. Is c a prime number?
False
Is 5 + (-8420)/15*-3 a composite number?
True
Suppose -822 = -3*n + 3*c, 5*n + 160 = -3*c + 1530. Is n a composite number?
True
Let i(t) be the third derivative of -5/6*t**3 + 0*t + 17/24*t**4 - 5*t**2 + 0. Is i(6) composite?
False
Suppose -4*r = -4*m - 448, 51*r - 4*m - 561 = 46*r. Is r a prime number?
True
Let b = -199 - 366. Let i = b + 1350. Is i composite?
True
Let u be 6/(-4) + 81/18. Is (u/6)/((-1)/(-28)) composite?
True
Suppose -f + 3*f - 26 = 0. Suppose -9*b + f*b - 2524 = 0. Is b composite?
False
Let q = 285 + -94. Is q composite?
False
Let v be (2/(-4)*-1)/(13/(-78)). Let b(g) = 56*g**2 + 4*g + 7. Is b(v) a prime number?
True
Let x = 2149 - -34. Is x a prime number?
False
Let q = -312 - -4703. Is q composite?
False
Suppose 7*x - 2*x = 2620. Let b = x - 313. Is b a composite number?
False
Let g(s) be the first derivative of 5*s**3/3 + 5*s**2 - 8*s - 7. Is g(7) prime?
True
Suppose 19*t = -5*t - 144. Let q(m) = -22*m - 10*m + 1 + 4*m. Is q(t) a composite number?
True
Suppose 5*n - 7*n - 3*j = -3314, 0 = -2*n - 4*j + 3318. Is n prime?
False
Suppose 3*v - 31827 = 28314. Is v a prime number?
True
Let m = 28 + 13. Let l = 54 + -32. Let t = m - l. Is t prime?
True
Let n = -24 - -27. Suppose -n*r + 5*w - 22 = 16, 0 = 3*r - w + 22. Let m(t) = -t**3 - 7*t**2 - 9*t - 11. Is m(r) composite?
False
Suppose 0 = -s + 4*s - 3*i + 1788, -4*s = 4*i + 2344. Let d be (331 - 1/(-1))/(-1). Let f = d - s. Is f a prime number?
False
Suppose 3*c + f - 17653 = 0, -f + 3 = 2. Is (9/(-18))/((-2)/c) composite?
False
Is -6*(4053188/(-24))/31 a composite number?
False
Suppose -4*l + 0*i + 14 = -2*i, 13 = 3*l + i. Suppose -6 - l = -2*r. Suppose r*g - 79 = 196. Is g a prime number?
False
Is 8717*-7*(-7)/49 prime?
False
Is (295180/30)/(2/3) composite?
False
Let z = 93 + 20. Let s = 167 - z. Is 4/18 + 36654/s a prime number?
False
Suppose 4*y = 2*q + 3*q - 1875, q = -4*y + 399. Is q prime?
True
Let p = 568 - -325. Is p prime?
False
Suppose 0 = -7*c + 4*c - 483. Let k = 575 + c. Let w = k + -265. Is w prime?
True
Suppose -12984 = 4*p - 2*w, 3*w - 2152 + 15146 = -4*p. Let y = -1412 - p. Is y a composite number?
True
Let i(z) = 778*z**2 - 38*z + 91. Is i(11) a prime number?
True
Let z(j) = j**3 - 9*j - 1. Let x(l) = l**3 + l**2 - 9*l - 1. Let w(v) = 7*x(v) - 6*z(v). Is w(5) composite?
True
Suppose -3*v - 2224 = -19*v. Suppose 867 = 3*l - 5*n, 2*l + 5*n = -l + 837. Let m = l - v. Is m a prime number?
False
Let h(n) = 15*n**2 + 9*n + 58. Is h(-4) composite?
True
Suppose 32*l - 25*l - 2149 = 0. Is l composite?
False
Suppose 2*f = -f + 9. Suppose -z + f*z = -74. Let i = -18 - z. Is i a prime number?
True
Let m(b) = b**3 - 27*b**2 - 29*b + 28. Let d be m(28). Suppose d = y - 5230 + 267. Is y a composite number?
True
Suppose 4*x - 15 = 2*v + x, -20 = 4*v + 4*x. Let c be 2290/(-12) + 1/v. Let i = 402 + c. Is i a composite number?
False
Let y be (-8)/(-24) + 17/3. Suppose -133 = 2*r + 9. Let z = y - r. Is z prime?
False
Let q(b) = -b**3 + 13*b**2 - 6*b - 10. Let h be (-1)/4*2*-48. Suppose 13*x = 15*x - h. Is q(x) a composite number?
True
Let n = -670 + 964. Suppose -11*u = 63 - n. Is u composite?
True
Let g(l) be the second derivative of 37*l**5/10 - l**4/6 + l**3/2 - 3*l**2/2 - 27*l. Is g(2) prime?
True
Let s be (130/(-2))/(-5) + -2. Suppose 6*j - s*j = -6685. Is j prime?
False
Let p(d) = -d - 5. Let q be p(-5). Suppose 3*z + q*z + 5*c = 35, -1 = 3*z - 4*c. Suppose z*y = 2*y + 111. Is y composite?
False
Let t(q) = -249*q - 53. Is t(-4) a prime number?
False
Is (-174824)/(-26) - (-2 - (-2 - 5)) a composite number?
False
Let f(o) = 2*o**2 - 6*o +